3*(-1 + -92). Let p = n - q. Calculate the remainder when 141 is divided by p.
33
Let z(s) = 29*s + 4. Let a be ((-12)/(1 - -2))/(-2). Calculate the remainder when z(a) is divided by 13.
10
Suppose -5*l - 20 = 0, -8*p + 13*p + 3*l = 1093. Calculate the remainder when p is divided by 19.
12
Let l(b) = -14*b + 162. Calculate the remainder when 102 is divided by l(11).
6
Let c(q) = q**3 + 10*q**2 - 17*q + 5. What is the remainder when c(3) is divided by 36?
35
Let h be 2/7 - (-602)/(-49). Let k(o) = -o**3 - 13*o**2 - 11*o + 15. Let w(q) = -q**3 - q**2 - 2*q. What is the remainder when w(-2) is divided by k(h)?
2
Suppose -6 = 4*d + 6. What is the remainder when d/(-8) + 303/24 is divided by 7?
6
Let m = 7 - -13. Let x be ((-2)/(-6))/((-4)/(-36)) - 0. Suppose -x*i = 0, g + 4*i + i = 77. Calculate the remainder when g is divided by m.
17
Let k = 32 - 26. Let a be (-42)/k - (0 - 2). Calculate the remainder when 17 is divided by a/30 + (-122)/(-12).
7
Let h(c) = c**2 + 2*c - 4. Let z be h(-6). Suppose -z = -3*x + 16. Let b = 14 - -8. What is the remainder when b is divided by x?
10
Let m(u) = u**3 + 4*u**2 - 8*u - 6. Let y(f) = -4*f - 23. Let s be y(-6). What is the remainder when m(-5) is divided by ((0 - -4)/1)/s?
1
Suppose -5*d = l + 175, -3*d + 7*d + l = -141. Let b = d + 63. Let t = 5 - -11. What is the remainder when b is divided by t?
13
Let z(m) = 3*m**3 - 18*m**2 - 3*m + 36. Calculate the remainder when 521 is divided by z(6).
17
Suppose 3014 = 15*o + 7*o. What is the remainder when o is divided by 23?
22
Let b = 105 + 947. What is the remainder when b is divided by 66?
62
Suppose 48 = 7*c + 5*c. Suppose -c*g = -g - 597. What is the remainder when g is divided by 25?
24
Let s(v) = -2*v**2 + 6*v + 1. Let n be s(2). Suppose 2*w - 46 = -n*i, w - 8 = -i - 0*i. Calculate the remainder when 29 is divided by i.
9
Suppose -h + 32 = -34. Calculate the remainder when h is divided by 3.
0
Suppose 9*m + 630 = 14*m. Calculate the remainder when m is divided by 32.
30
Let i be 39*1*25/15. Suppose 5*b - 3*n = 174 + i, -2*b = -3*n - 92. Calculate the remainder when b is divided by 10.
9
Suppose 0 = 5*p - 185 - 15. What is the remainder when 76 is divided by p?
36
Calculate the remainder when 14528/32*1/2 is divided by 21.
17
Calculate the remainder when 101 is divided by (8/(-56) - 225/42)*-4.
13
Let l = 926 - 900. Calculate the remainder when 126 is divided by l.
22
Let z = 33 - 28. Suppose a = -0*a + 18. Calculate the remainder when a is divided by z.
3
Suppose 4*i - 3*i = 33. Let j = i - 12. Let v(h) = 2*h**3 + 9*h**2 + 4*h + 6. Calculate the remainder when j is divided by v(-4).
3
Suppose -k = 2 - 5. Let m be (-3)/((-6)/68) - (7 + -3). Suppose m = 2*f + 4*y, k*f - 2*y - 35 = 10. What is the remainder when f is divided by 8?
7
Suppose -3*h - 76 = -5*p, 2*p + 2*h = 5 + 35. What is the remainder when 78 is divided by p?
10
Suppose z - 9 = 5. Let o be 0 + 2 + -8 + 8. Let a(d) = 3*d**3 + d**2 - d + 1. Calculate the remainder when a(o) is divided by z.
13
Let w(f) = -f**3 + 5*f**2 - f - 3. Let i be w(3). Suppose 79 = -5*r + 4*n, -n - 68 - i = 4*r. Let k = 9 - r. What is the remainder when k is divided by 15?
13
Suppose 3*a - 2*a = 3. Let u be 32/6*7/(-28)*-15. Suppose a*l - 71 = -u. Calculate the remainder when l is divided by 10.
7
Let y = 5 - 4. What is the remainder when 43 is divided by (44/(-12))/(y/(-3))?
10
Let s(o) = -2*o - 6. Let w be s(-4). Suppose 4*g + w*g = 462. What is the remainder when g is divided by 26?
25
Suppose 2*k = -3*k - 5, 2*v - k = 297. Calculate the remainder when v is divided by 50.
48
Let s = -258 + 288. Calculate the remainder when s is divided by 19.
11
Suppose 4*b - 155 - 305 = 0. Let m = b + -82. Calculate the remainder when 128 is divided by m.
29
Calculate the remainder when 9 is divided by (5/3)/(2/((-360)/(-50))).
3
What is the remainder when 0/3 + 55 - (-24 + 24) is divided by 4?
3
Let k(l) = -16*l - 26. Let j = -86 + 133. What is the remainder when j is divided by k(-2)?
5
Let r = 4443 + -4441. Let v(o) = -o**3 - 3*o**2 + 3*o + 3. What is the remainder when v(-4) is divided by r?
1
Let h = 62 + -30. What is the remainder when h is divided by 18?
14
Let a(q) = 35 - 35*q + 17*q + 19*q. What is the remainder when 120 is divided by a(-4)?
27
Suppose -g = -5*a - 9, 23*g - 18*g + 4*a = 45. Calculate the remainder when 359 is divided by g.
8
Suppose 9*y - 1641 = 1572. Calculate the remainder when y is divided by 9.
6
Calculate the remainder when (-1632)/(-14) - (-4)/(-28)*-3 is divided by 20.
17
Suppose 3*l = 50 + 1. What is the remainder when 123 is divided by l?
4
Let i = -380 - -575. Calculate the remainder when i is divided by 23.
11
What is the remainder when 110 is divided by (-9)/(-2)*((-174)/(-18) - -3)?
53
Let f = -99 + 101. Let w = -13 - -15. Calculate the remainder when f is divided by w.
0
Calculate the remainder when 247 is divided by 2*((-5848)/16)/(-17).
32
Suppose -40 = -2*p - 10. Calculate the remainder when (24/(-15) + 1)/(15/(-1425)) is divided by p.
12
Calculate the remainder when 9/(-6)*-178*(-6)/(-18) is divided by 13.
11
What is the remainder when 239 is divided by -5 - (0 - 1 - (24 + 15))?
29
Suppose -j + 30 = 4*j. Suppose -j*x = -2*x - 28. What is the remainder when 17 is divided by x?
3
Let w be 4 - (1 + 9/3). Suppose -j - 20 = -5*j, 3*h + 4*j - 89 = w. Calculate the remainder when h is divided by 12.
11
Let j(p) = 3*p**2 - 2*p + 2. Calculate the remainder when (4 - 16900/(-143)) + 4/(-22) is divided by j(4).
38
Let w be ((-3)/(9/186))/1. Suppose -6 = -39*u + 40*u. What is the remainder when 21 is divided by w/u + (-6)/(-9)?
10
Let m(p) = p**3 + 4*p**2 + 3*p + 1. Let q be m(-4). Let v = -1 - q. Let f = 15 - v. Calculate the remainder when 7 is divided by f.
2
Suppose -5*r = -4*r - 7. Let h = 308 + -282. What is the remainder when h is divided by r?
5
Suppose 3*g + 4*a - 37 = 0, -8*g + 5*g + 4*a + 53 = 0. Calculate the remainder when 101 is divided by g.
11
Let y(k) = 14*k**2 + 194*k - 6. Calculate the remainder when 50 is divided by y(-14).
6
Let d = 42 + -20. Suppose -2 = 2*n - d. What is the remainder when 4/n - 3549/(-65) is divided by 14?
13
Suppose -4*m = 5*y - 811, 3*y = m + 434 + 39. Suppose -2*a + y = a. Suppose -50*v + 189 = -43*v. What is the remainder when a is divided by v?
26
Let x = 23 - 13. Suppose -9*l - 196 = -5*i - 13*l, 3*l = 5*i - 168. What is the remainder when i is divided by x?
6
Let q be (0 - -21)*(-3)/(-3). Let y be q/(-6) + (-5)/10. Let b(t) = -2*t**3 - 6*t**2 - 4*t - 6. Calculate the remainder when b(y) is divided by 11.
9
Let t(b) = 2*b**2 - 7. Let q(x) = -x + 1. Let s(z) = 6*q(z) + t(z). What is the remainder when 2/(-2)*(-222)/3 is divided by s(5)?
17
Let k be 21 + -5 + 3 + 1*4. Suppose -3*d = k - 50. Calculate the remainder when 16 is divided by d.
7
Let m(z) = 7*z - 44. What is the remainder when 73 is divided by m(8)?
1
Let s(v) = 32*v + 3. Suppose 3*u - 10 = 2*u + 3*c, -u - 2 = c. What is the remainder when s(u) is divided by 19?
16
Let d(q) = q**2 + 3*q + 1. Calculate the remainder when (1 - 7)*(-23)/6 is divided by d(-4).
3
Let w(o) = -o**2 + 12*o + 2. Let l be w(12). Let m(i) = -11*i + 0 + l + 4. Calculate the remainder when m(-4) is divided by 13.
11
Suppose -3*b + 5 = -2*b. Suppose m = b*j - 86, -j - m - 18 = -2*j. Calculate the remainder when j is divided by 17 + -13*(-17 - -18).
1
Let o(w) = -w**3 - 6*w**2 + 8*w + 7. Let c be o(-7). Suppose -75 = -2*n - n - g, g = c. Calculate the remainder when (-1)/7 + 1536/21 is divided by n.
23
Let t(l) = -2*l**3 - 2*l**2 - 2*l - 3. Suppose 0 = 3*i - 3*k + 27, -4*i + 7*k - 4*k - 36 = 0. Calculate the remainder when t(-2) is divided by 188/36 + 2/i.
4
Calculate the remainder when 498/4 - ((-15)/(-2) + -6) is divided by 64.
59
Suppose 0 = -5*l + 5*z + 415, -4*z + 397 = 5*l - 3*z. What is the remainder when 62 is divided by (2 - l/36) + (-600)/(-27)?
18
Calculate the remainder when ((-35)/(-21) + -2)*-129*1 is divided by 27.
16
What is the remainder when 29 is divided by 4 + (18/14 + -3)*-7?
13
Let j be (-18)/(-63)*(-7)/(-1). Let s(g) = -2 + 0*g - g - j - 3*g + 8*g**2. Calculate the remainder when s(-2) is divided by 13.
10
Let p be 42/(-8) - 7/(-28). Let i = 4 + 42. What is the remainder when i is divided by ((-2)/p)/((-3)